13. Let a be q(9). Let o be -1 + 2 + (-2 - a). Let w(h) = 101*h. Let u(x) = 67*x. Let n(y) = 3*u(y) - 2*w(y). Determine n(o).
-4
Let t(y) = -1 + 37*y + 8 - 68*y - 9*y. Determine t(1).
-33
Let a(x) = 4*x**3 + x**2 - x. Suppose -5*l - 80 = 5*p, -5*l - 71 = -4*p - 0*p. Let v = 1059 + -1073. Let g = v - l. What is a(g)?
4
Suppose -40*s - 43*s + 38 = -64*s. Let t(m) = -9*m**3 - 5*m**2 + 2*m - 1. What is t(s)?
-89
Let r be (-4 - -6)*15*(-10)/(-50). Let h = -9 - -11. Let n(x) = -7*x - 4*x**2 + 2*x - 8 + 5*x**h. Give n(r).
-2
Let r(u) = 3*u + 25. Let m be r(-8). Let b(w) be the second derivative of -31*w**5/20 - w**3/3 + w**2/2 + 1384*w. Calculate b(m).
-32
Let q = 335 + -329. Suppose -3*g - 12 = -2*k - 0, -5*k + 3*g + 21 = 0. Let p(u) = -4*u**k + 6*u**2 + 3*u**3 - 6 + 13. Give p(q).
7
Let z(m) = -3*m - 1. Suppose 0 = -4*p - 2*r - 2, 0*p - r - 1 = -p. Let x be ((-1 - 3) + 0)/(1 + p). Let i be 5 - 26/4 - 30/x. Determine z(i).
-19
Let l(o) be the second derivative of o**3/6 + 2*o**2 + 2*o. Suppose -5*h = h - 150. Let i = h - 25. What is l(i)?
4
Let g(l) = -36*l**2 - 15*l. Let w(f) = -44*f - 92. Let q be w(-2). Let y(a) = -9*a**2 - 4*a. Let s(x) = q*g(x) + 15*y(x). Give s(1).
9
Suppose 0 = 3*i - 6 - 0. Let y(v) = 5*v**2 + 2*v + 1. Let u be y(2). Let x(t) = u*t - i - 26*t + 1. What is x(-3)?
2
Let w(d) = 110*d**3 - d**2 - 14*d + 15. Let x(m) = -151*m**3 + m**2 + 19*m - 20. Let v(s) = -11*w(s) - 8*x(s). Calculate v(2).
-5
Let o(d) = 3*d - 34. Let h = -2882 + 2899. Give o(h).
17
Let z(b) = -16 + 0*b - 11*b + 10*b. Let j be z(-18). Suppose -2*k = j*k. Let v(a) = a**3 + a - 12. Determine v(k).
-12
Let s(y) = -22*y**3 + 1. Suppose 6*v + 2543 = -409. Let z = -491 - v. Give s(z).
-21
Suppose 893 = 8*p + 589. Let z(m) = -7*m**3 + 9*m**2 + p*m + 8*m**3 + 9 - 47*m. What is z(-10)?
-1
Suppose -24*b + 69*b = -90. Let f(x) = 3*x**3 + 4*x**2 + 8*x + 7. Calculate f(b).
-17
Suppose q + 386 = 388. Let c(p) be the second derivative of -1/3*p**3 - 13*p + 1/2*p**q + 0 - 3/4*p**4. What is c(1)?
-10
Let v(m) = -m**2 - 6*m + 1. Let r(t) = t**2 + 6*t - 2. Suppose -h - f - 18 = 3*f, f - 21 = 4*h. Let i(u) = h*r(u) - 5*v(u). Give i(-8).
-9
Let t(q) be the third derivative of q**6/120 + q**5/12 + q**4/8 + q**3/6 + 3*q**2 + 273*q. Calculate t(-3).
10
Let d(x) = 4*x**3 + x**2 - x + 4. Let o be d(2). Let t(s) = -18*s - o*s + 66*s. Suppose -2*w + 4*c = -6, -5*w + 5 = 3*c + 16. Determine t(w).
-10
Let k(o) = -o + 420378 - 2*o**2 - 5*o - 420376. Determine k(-4).
-6
Let c(i) be the second derivative of -i**5/20 + i**4/4 - i**3/3 - i**2 + 171*i. Suppose 3*o - 6*o = -42. Let r be (-6)/o*(-9 + 2). What is c(r)?
-8
Let y(a) = 2*a - 7. Let g be y(5). Let h(b) = 1 + 27*b**g - 21*b**3 + 3 - 6*b**2. Let n(d) = -3*d**3 + 3*d**2 - 2. Let s(f) = -3*h(f) - 7*n(f). Give s(2).
14
Let g(f) = -84 - 33 - f**2 + 11*f + 98. Calculate g(5).
11
Suppose 3*m + 0*m - 21 = 0. Suppose 0 = -2*k - 3 - m. Let p(i) = -25 - i**3 - 6*i**2 - 6*i + 56 - 32 + 4. Give p(k).
8
Suppose 24 = 5*j - 21. Let w be (((-1)/(-2))/(20/(-8)))/((-5)/100). Let o(k) = -j + k**2 - 8*k + 1 + w + 3. Determine o(8).
-1
Let g(n) = -n**2 + 55*n + 7233. Let w be g(-62). Let u(b) = b**3 + 22*b**2 + 25*b + 67. What is u(w)?
-17
Let k(i) = 5 - 8*i + 2*i**2 + 9*i - 3*i**3 - 4. Let v = 21 - 13. Let h be v/28 - 12/(-7). What is k(h)?
-13
Let x(o) = 156*o - 1403. Let b be (-71 + 8)/((-616)/88). Give x(b).
1
Let m(l) = 18*l + 3. Let h be m(0). Let j(q) = -3*q - 145*q**h - 2 + 2*q**2 + 144*q**3 + 6. Give j(3).
-14
Suppose 27*s = 430 + 183 + 89. Let f(g) = g**3 - 28*g**2 + 53*g - 15. What is f(s)?
11
Let y(l) = 7*l**2 - 6*l - 9. Let f(s) = 4 - 2*s**2 - 9 + 12*s**2 - 8 - 9*s. Let p(o) = -5*f(o) + 7*y(o). Let t(c) = c**2 - 17*c - 41. Let b be t(19). Give p(b).
-16
Let a(r) = 14*r + r**2 + 6 - 103*r + 98*r. Calculate a(-5).
-14
Let o = 15 + -6. Let b = -8 + o. Let d(q) = 3. Let a(z) = -2*z - 39. Let w(u) = -6*a(u) - 78*d(u). Give w(b).
12
Let r(h) = -5*h + 2 + 1 - 5. Let j be (-1020)/425*(-60)/(-72). Determine r(j).
8
Let l(q) = q - 1. Let g(t) = t. Let a(n) = -2*n. Let h(v) = 4*a(v) + 9*g(v). Let u(k) = -h(k) + 2*l(k). What is u(-8)?
-10
Let t(u) = 3*u**2 + 24*u + 36. Let a = -453 - -446. Calculate t(a).
15
Let y be (-4)/6 - (-9)/(-36)*(-736)/24. Let x(z) = 5*z + 10. Let t(f) = 6*f. Let i be t(1). Let p(o) = o - 1. Let q(r) = i*p(r) - x(r). Determine q(y).
-9
Suppose -68 - 60 = 32*j. Let y(g) = 2*g**2 + 11. Let x(z) = 3*z**2 + 13. Let i(m) = j*y(m) + 3*x(m). Calculate i(-5).
20
Let b(s) be the third derivative of -5*s**4/12 + 9*s**3/2 - 218*s**2. Give b(2).
7
Suppose -2*b + 16 + 78 = 4*t, -5*t - 5*b + 130 = 0. Suppose t - 7 = 7*j. Let x(c) = -c**2 + 2*c - 2. Calculate x(j).
-2
Suppose 348*n - 2233 = 29*n. Let y(b) = -8*b + 72. Give y(n).
16
Let i(c) = -35*c + 9. Let m(r) = -99*r + 29. Let l(j) = 17*i(j) - 6*m(j). Give l(-14).
-7
Let l(o) = 2*o + 33. Let u be l(0). Let a = 51 - u. Let p = -16 + a. Let c(n) = 10*n + 2. What is c(p)?
22
Let z(q) = q**3 + q**2 + 2*q + 9. Let u be z(0). Suppose u*a = 5*a + 8, 6 = 2*o - 3*a. Let m(y) = -o + 7*y - 6 + 11 - 4 + y**2. What is m(-6)?
-11
Let q(b) be the third derivative of 5*b**4/24 - 3*b**3/2 + b**2. Let j(k) = -k**3 - 10*k**2 - 31*k - 64. Let n be j(-7). What is q(n)?
21
Let w(j) = 3 + 16580*j**3 + 0*j**2 + 3*j**2 - 8291*j**3 - 8288*j**3. Let g(u) = -u**3 - 2*u**2 + u - 1. Let f be g(-2). Determine w(f).
3
Let o = -283 + 171. Suppose 0 = 29*p - 22*p + 1372. Let g be (p/o)/((-2)/8). Let a(k) = k + 3. Determine a(g).
-4
Suppose 4*u = -2*j + 30, -3*u = -3*j - 2*j - 3. Let z(l) = -u*l**2 - 38 - l**3 + 15 + 17 + 6 + 2*l. Give z(-6).
-12
Let v(n) = 2 + 3*n**2 - 4 + 2*n**2 - 4*n**2. Let g(h) = -h**3 - 39*h**2 - 74*h + 9. Let j be g(-37). Let t(p) = -17*p + 156. Let x be t(j). Give v(x).
7
Let y(w) = 10*w + 94. Let a = 1738 + -1747. Determine y(a).
4
Let z(x) = x**2 - 22*x - 21. Let h be (1/10)/((-51)/510). Give z(h).
2
Let l = -17466 - -17470. Let w(u) be the first derivative of -1/4*u**l + 5 + 8/3*u**3 + 2*u + 1/2*u**2. Calculate w(8).
10
Let v be 7 + 4*(-25)/(-20). Suppose 21*q = v + 261. Let b(j) = j**2 - 11*j - 17. Calculate b(q).
9
Suppose 485 - 149 = 9*o + 12*o. Let x(g) = g**2 - 12*g - 48. Give x(o).
16
Let f(i) be the third derivative of -5*i**4/12 - i**3 + 3060*i**2. Determine f(-7).
64
Let p be (2315/1852)/(172/96 + -2). Let v = 21 + -12. Let i(u) = -2 + 6*u + v - 3 + u**2. Determine i(p).
4
Let i(a) = 15732 + 9*a + 15733 - 31456. Determine i(9).
90
Let a(b) = 10*b - 14. Let q(k) = -2*k + 4. Let i(c) = -a(c) - 6*q(c). Determine i(3).
-4
Let m(t) = 3*t - 98. Let h be m(18). Let s be 99/h - (-5)/20. Let p(d) = -d - 1. What is p(s)?
1
Let f(t) = 9793 + 5*t + 9806 - 19552. Determine f(-17).
-38
Let o be (536/469)/((-57)/21 + 3). Let f(t) be the second derivative of 21*t + 1/4*t**o + 0 - 1/2*t**3 - 1/20*t**5 - 2*t**2. What is f(3)?
-13
Let k(t) = -t**3 - 7*t**2 + 9*t + 5. Let a(n) = 3*n**2 + 20*n + 9. Let y be a(-8). Suppose 0 = -2*j + y + 23. Suppose -4*d = -0*d + j. Calculate k(d).
-3
Suppose 11*d + 2*n + 135 = 0, 2*d + 206*n - 211*n = -46. Let p(l) = 14*l + l**2 + 5 + 4 + 2. Calculate p(d).
-2
Let n(c) = 31 - 22 - 6*c - 21. Calculate n(-6).
24
Let w(v) = 30*v**3 - 8*v**2 - 21*v + 67. Let t(x) = 9*x**3 - 2*x**2 - 7*x + 21. Let o(h) = 13*t(h) - 4*w(h). Calculate o(2).
-9
Let k = 638 - 636. Let s(i) = -2 + i + k - 2 - 1 + 0. Let r = -10 - -20. Determine s(r).
7
Suppose q - 4*q + 3 = 0. Let t be q - (-8 + 3)*1. Suppose 4 = -2*h - t. Let y(v) = -4*v - 6. Calculate y(h).
14
Let q(h) = -6*h**2 - h + 2. Let f(a) = -a**3 + 36*a**2 - 73*a + 171. Let v be f(34). What is q(v)?
-5
Let u(i) be the second derivative of i**6/180 - i**5/60 + i**4/24 + 127*i**3/6 - i - 66. Let s(h) be the second derivative of u(h). Give s(2).
5
Let c(x) = -x**2 - x + 9. Let g(z) = -3*z**2 - 3*z + 19. Let s(p) = -14*p + 20. Let f be s(4). Let k = f + 38. Let m(v) = k*g(v) - 5*c(v). Determine m(0).
-7
Let c(f) = f - 2. Let b(j) be the third derivative of -5*j**4/12 + 5*j**3/2 + 22*j**2. Let a(n) = -b(n) - 6*c(n). Determine a(5).
17
Let v(u) be the first derivative of -u**3/3 + 2*u**2 + 22*u - 7782. What is v(8)?
-10
Let l(g) = 3*g - 36. Let w(o) = -7*o + 75. Let y(a) = -13*l(a) - 6*w(a). Let p(k) = -k - 4. Let t(j) = 4*p(j) + y(j). What is t(-7)